792?
False
Does 22 divide 139392?
True
Is 80 a factor of 402776?
False
Is 86385 a multiple of 39?
True
Is 35991 a multiple of 81?
False
Is 788519 a multiple of 895?
False
Does 24 divide 2361372?
False
Is 459 a factor of 138865?
False
Does 134 divide 537742?
True
Is 7 a factor of 83069?
True
Does 26 divide 34639?
False
Is 29 a factor of 504787?
False
Does 61 divide 233617?
False
Does 91 divide 116480?
True
Does 404 divide 16564?
True
Does 43 divide 1909049?
False
Is 55 a factor of 694883?
False
Is 447948 a multiple of 46?
True
Is 669430 a multiple of 295?
False
Is 11771760 a multiple of 52?
True
Is 107 a factor of 1923?
False
Is 92 a factor of 388148?
True
Is 356 a factor of 169446?
False
Is 7620217 a multiple of 21?
False
Does 183 divide 177327?
True
Is 28 a factor of 233072?
True
Is 25 a factor of 8802064?
False
Does 278 divide 249366?
True
Is 4077906 a multiple of 453?
True
Does 2 divide 314608?
True
Is 131 a factor of 3842160?
False
Is 20 a factor of 3240859?
False
Does 428 divide 3732588?
True
Is 273 a factor of 285558?
True
Is 54 a factor of 52380?
True
Is 487646 a multiple of 7?
False
Does 19 divide 1941723?
False
Does 30 divide 7050?
True
Is 1368 even?
True
Is 20448 a multiple of 96?
True
Is 248 a factor of 133672?
True
Is 44 a factor of 15507?
False
Is 4673627 a multiple of 511?
False
Is 6 a factor of 33606?
True
Does 4 divide 36967?
False
Is 1053100 a multiple of 471?
False
Is 437944 a multiple of 492?
False
Does 491 divide 384944?
True
Is 72299 a multiple of 367?
True
Is 5 a factor of 90610?
True
Is 402953 a multiple of 4?
False
Is 10 a factor of 518036?
False
Does 121 divide 76203?
False
Is 3898 a multiple of 284?
False
Is 3457274 a multiple of 200?
False
Is 3 a factor of 1038?
True
Is 4500662 a multiple of 57?
False
Does 27 divide 373647?
False
Is 126 a factor of 4439872?
False
Is 8410 a multiple of 58?
True
Is 14652465 a multiple of 71?
False
Is 18 a factor of 7697952?
True
Is 62775 a multiple of 93?
True
Does 401 divide 361040?
False
Does 36 divide 83900?
False
Does 513 divide 2958262?
False
Is 118732 a multiple of 46?
False
Is 6325742 a multiple of 146?
True
Is 182698 a multiple of 9?
False
Does 155 divide 3304910?
True
Is 13 a factor of 24704190?
False
Is 247 a factor of 958507?
False
Is 3 a factor of 3308?
False
Does 21 divide 826245?
True
Does 11 divide 3042116?
True
Is 446226 a multiple of 99?
False
Is 21012172 a multiple of 82?
True
Is 47070 a multiple of 45?
True
Does 25 divide 94275?
True
Does 86 divide 937804?
False
Is 33 a factor of 2417664?
False
Does 15 divide 79455?
True
Is 41 a factor of 1495844?
True
Does 311 divide 1201393?
True
Is 6978568 a multiple of 97?
True
Does 5 divide 390235?
True
Is 167 a factor of 580943?
False
Does 5 divide 29933?
False
Is 28 a factor of 134820?
True
Is 216191 a multiple of 7?
False
Is 20 a factor of 6950810?
False
Is 154690 a multiple of 222?
False
Does 450 divide 111600?
True
Does 10 divide 210905?
False
Does 160 divide 7008320?
True
Does 2 divide 434433?
False
Is 24 a factor of 268865?
False
Is 118371 a multiple of 51?
True
Is 115509 a multiple of 277?
True
Is 190 a factor of 2624280?
True
Does 56 divide 1075675?
False
Does 113 divide 2798643?
False
Does 40 divide 42200?
True
Does 8 divide 185308?
False
Is 3063653 a multiple of 63?
False
Does 214 divide 82604?
True
Is 2811416 a multiple of 1117?
False
Is 278 a factor of 276888?
True
Is 7820111 a multiple of 320?
False
Is 1325421 a multiple of 69?
True
Is 7954050 a multiple of 150?
True
Does 183 divide 682397?
False
Is 91 a factor of 167440?
True
Is 29 a factor of 1189410?
False
Does 32 divide 5137102?
False
Is 412 a factor of 128956?
True
Is 1643162 a multiple of 873?
False
Is 2486860 a multiple of 3?
False
Is 34 a factor of 91766?
True
Is 128 a factor of 1132997?
False
Does 280 divide 1414546?
False
Is 90 a factor of 163861?
False
Is 14720750 a multiple of 505?
True
Is 1219997 a multiple of 7?
False
Does 100 divide 312000?
True
Does 70 divide 70328?
False
Does 40 divide 2234431?
False
Is 9 a factor of 116452?
False
Is 2824 a multiple of 6?
False
Is 989934 a multiple of 159?
True
Is 16 a factor of 7429748?
False
Is 36 a factor of 135288?
True
Does 77 divide 2002337?
False
Is 8 a factor of 13641288?
True
Is 1157070 a multiple of 15?
True
Is 440988 a multiple of 124?
False
Is 7248459 a multiple of 77?
False
Is 89 a factor of 311411?
True
Is 425776 a multiple of 10?
False
Does 344 divide 302376?
True
Does 107 divide 106679?
True
Does 7 divide 242060?
True
Does 66 divide 27258?
True
Is 3790280 a multiple of 130?
True
Is 858760 a multiple of 28?
True
Does 238 divide 6810168?
False
Is 420492 a multiple of 4?
True
Does 46 divide 24910?
False
Is 45180 a multiple of 45?
True
Is 2154306 a multiple of 42?
True
Is 244 a factor of 336964?
True
Does 102 divide 1989993?
False
Is 302625 a multiple of 125?
True
Is 588515 a multiple of 20?
False
Is 339 a factor of 469854?
True
Is 54060 a multiple of 17?
True
Does 23 divide 10488?
True
Is 484773 a multiple of 786?
False
Is 14167862 a multiple of 448?
False
Does 12 divide 77844?
True
Does 3 divide 10982?
False
Is 6624 a multiple of 96?
True
Does 209 divide 410405?
False
Does 419 divide 142041?
True
Is 47 a factor of 280590?
True
Is 405640 a multiple of 20?
True
Is 1459164 a multiple of 10?
False
Is 17 a factor of 1362635?
True
Is 370 a factor of 319680?
True
Is 30996 a multiple of 18?
True
Is 12 a factor of 467808?
True
Is 949455 a multiple of 117?
True
Is 2408392 a multiple of 580?
False
Is 34896 a multiple of 12?
True
Is 179878 a multiple of 34?
False
Does 281 divide 1019031?
False
Does 11 divide 92200?
False
Is 44 a factor of 986568?
True
Is 634970 a multiple of 386?
True
Is 110 a factor of 2770531?
False
Is 446 a factor of 145601?
False
Is 49471 a multiple of 86?
False
Is 25 a factor of 42664?
False
Does 522 divide 3854177?
False
Is 976348 a multiple of 6?
False
Does 339 divide 309794?
False
Is 6609081 a multiple of 3?
True
Does 84 divide 250959?
False
Is 2495779 a multiple of 11?
True
Does 68 divide 133467?
False
Does 42 divide 239358?
True
Does 143 divide 1062204?
True
Does 24 divide 480288?
True
Is 411 a factor of 635406?
True
Is 4636463 a multiple of 2?
False
Is 6862 a multiple of 17?
False
Does 81 divide 329196?
False
Is 575953 a multiple of 32?
False
Does 107 divide 90843?
True
Is 328770 a multiple of 90?
True
Is 225896 a multiple of 17?
True
Is 4323067 a multiple of 232?
False
Is 1058 a factor of 976296?
False
Is 1260069 a multiple of 67?
True
Is 150948 a multiple of 12?
True
Is 27 a factor of 195666?
False
Is 60 a factor of 1377780?
True
Is 13 a factor of 8389?
False
Does 36 divide 9261035?
False
Is 23 a factor of 16693?
False
Is 14 a factor of 1514063?
False
Is 56204 a multiple of 17?
False
Is 4051989 a multiple of 139?
True
Is 103600 a multiple of 28?
True
Does 153 divide 275094?
True
Does 62 divide 33284?
False
Is 202 a factor of 120037?
False
Does 38 divide 102410?
True
Is 1635315 a multiple of 33?
True
Is 11949012 a multiple of 13?
False
Does 210 divide 5351430?
True
Is 191 a factor of 194438?
True
Is 18 a factor of 10445328?
True
Is 3647152 a multiple of 96?
False
Is 344773 a multiple of 509?
False
Is 979623 a multiple of 1223?
True
Does 46 divide 184174?
False
Does 72 divide 775329?
False
Does 7 divide 130336?
False
Does 14 divide 1052282?
True
Does 249 divide 8386569?
True
Does 15 divide 660915?
True
Is 664037 a multiple of 4?
False
Does 481 divide 403038?
False
Does 636 divide 6064896?
True
Is 6633704 a multiple of 241?
False
Is 175 a factor of 40147?
False
Is 912492 a multiple of 68?
True
Is 104535 a multiple of 115?
True
Is 32 a factor of 19683455?
False
Is 1855797 a multiple of 257?
True
Is 1879524 a multiple of 36?
True
Does 182 divide 243179?
False
Is 3355188 a multiple of 34?
True
Does 76 divide 2707880?
True
Is 93 a factor of 187992?
False
Does 6 divide 264891?
False
Does 34 divide 5037236?
True
Does 11 divide 243673?
False
Is 174 a factor of 333213?
False
Is 31 a factor of 15785?
False
Does 20 divide 33626?
False
Does 1408 divide 5123712?
True
Does 13 divide 2074982?
True
Does 171 divide 312145?
False
Does 818 divide 2417190?
True
Does 245 divide 240166?
False
Is 1212 a multiple of 133?
False
Is 9599502 a multiple of 111?
True
Is 201083 a multiple of 12?
False
Is 4 a fa